it of x?
9
Let m be ((-705)/25)/(3 + (-92)/30). Suppose -4*w = -7*w + m. Suppose -881 = -5*k - w. What is the tens digit of k?
4
Let b be 0*(84/(-18) - -5). Suppose -6*d - 4*d + 2280 = b. What is the units digit of d?
8
What is the ten thousands digit of -84327*13/(-195)*10?
5
Suppose 0 = -4*m - l + 53, -3*l - 9 = -0*l. Let j(u) = u**3 - 14*u**2 + 17*u - 27. What is the hundreds digit of j(m)?
2
Let j be ((-56)/10)/((-1)/10). Suppose 0 = -w + 6*w + 10, 0 = y + 4*w - 200. Suppose j = n + 3*u, -4*n = -7*n - u + y. What is the units digit of n?
1
Let l(z) be the second derivative of z**3/3 - 3*z**2/2 + 28*z. Let n be l(-7). Let t = n + 52. What is the tens digit of t?
3
Suppose r - 7*l + 41*l = 60857, 2*l - 121978 = -2*r. What is the thousands digit of r?
0
Suppose -5*h = 21 - 26. What is the tens digit of h/(-6) - (-60714)/108?
6
Suppose 0 = -c - 183 - 191. Let i = c - -606. What is the hundreds digit of i?
2
Suppose 0 = -147*m + 143*m - 4840. Let f = 1868 + m. What is the units digit of f?
8
Let u(c) = -c**3 + 26*c**2 - 14*c - 30. Let f(q) = -3*q**3 + 76*q**2 - 42*q - 90. Let w(j) = 4*f(j) - 11*u(j). What is the tens digit of w(17)?
2
Suppose 5*l = -2*f - f + 90, 4*f + 125 = 5*l. Let t be 24/(-21)*l/(-6). Suppose -4*y - r = -205, -3*y + r = t*r - 165. What is the units digit of y?
0
Suppose -2*s = -3*v - 7, -3*s - 4*v + 19 = -0*v. Suppose 5*h + 641 = x - 284, -3*h = s*x - 4541. What is the hundreds digit of x?
9
Let k(d) = 30*d**2 + 4*d - 2. Let o be k(1). Suppose 0 = -2*c - 0*c + o. What is the tens digit of (-639)/(-4) + c/64?
6
Let d(c) = 21*c**2 + c + 2. Let u be d(1). Suppose -3*w - 399 + u = 0. Let l = w - -291. What is the units digit of l?
6
Let w be 237*(-12)/9 + -8. Let v = w - -463. What is the units digit of v?
9
Let b(i) be the first derivative of 2*i**3/3 + 9*i**2 + 47*i - 22. What is the units digit of b(-17)?
9
Let t(f) = 45*f**3 - 7*f**2 - 9*f + 201. What is the hundreds digit of t(6)?
6
Let p = 32103 + -17514. What is the thousands digit of p?
4
Suppose -4*g = -4, 0*g = -3*n - 2*g - 5419. Let y = -554 - n. What is the tens digit of y?
5
Let s(h) = 115*h**2 + 433*h - 111. What is the thousands digit of s(-24)?
5
Suppose -3*j + 1 = -3*q - 2, 2*j - 6 = q. Let t(b) = 8*b**3 - 10*b**2 - 11*b + 13. What is the hundreds digit of t(j)?
7
Suppose 5*m + 13 = -51*d + 47*d, 2*d + 3*m + 9 = 0. Suppose -897 = -d*i + 3*a, -3*a = -i - 5*a + 284. What is the units digit of i?
4
Let f be (32/12)/((-8)/(-12)) + -82. Let r = 199 - f. What is the hundreds digit of r?
2
Suppose 0 = -81*w + 77*w - 99840. What is the tens digit of (-4)/10 - w/25?
9
Let u(z) be the first derivative of 8*z**3/3 - 4*z**2 + 7*z - 57. What is the hundreds digit of u(-8)?
5
Let a(o) = 1357*o**2 - 3*o + 1. What is the tens digit of a(-1)?
6
Suppose 6*y = 22*y - 127680. Suppose 10*j = -2*j + y. What is the hundreds digit of j?
6
Let p(o) = 30*o**2 - 15. Let d be p(7). Suppose -u = 4*u - d. Suppose y = 4*y - 3*i - u, y - 95 = 2*i. What is the tens digit of y?
9
Suppose -55*t - 92 = 18. Let u(i) = -483*i - 22. What is the tens digit of u(t)?
4
Let a be (262/5)/(2 + 355/(-175)). Let i = a - -3008. What is the tens digit of i?
7
Let k(c) = -c + 16. Let j be k(12). What is the tens digit of (96/(-120) - j/(-5)) + 1784?
8
Let u(v) = v**2 + v. Let l(y) = y**3 - 23*y**2 - 17*y - 69. Let b(x) = l(x) - 4*u(x). What is the units digit of b(28)?
7
What is the hundreds digit of (-44332)/(-9) + (-174)/(-783)?
9
What is the tens digit of 17874 + -2 + 18 + -4 + -21?
6
Let s = -96 - -101. Suppose -a = -2*g + s, a = 2*g - 4*a + 7. What is the hundreds digit of ((-206)/g)/((-15)/30)?
1
Let x = 6 - -13. Suppose 0 = 21*p - x*p - 4. Suppose p*j + 33 = 357. What is the tens digit of j?
6
Suppose -2*n - 6*o = -5*o - 6268, -n = -3*o - 3155. What is the units digit of n?
7
Suppose -4*l = -8, -23*l + 1377 = u - 24*l. What is the thousands digit of u?
1
Suppose -7*y - 48 = -3*y. Let i = y - -16. Suppose -i*p - 3*n + 571 = 0, p + 5*n - 431 = -2*p. What is the units digit of p?
2
Let y = 70 - 70. Let j be y + 27 + (-7)/7. Suppose -j*o + 27*o = 54. What is the tens digit of o?
5
Let u = 34 - 34. Suppose -n - 5*n = u. Let o(g) = -g**2 - 3*g + 94. What is the units digit of o(n)?
4
What is the thousands digit of (-2)/(-9) - (-4237348)/873?
4
Suppose 9 = -4*h + 25. Suppose 0 = -4*g - 2*y - 0*y + 1242, -h*y = 3*g - 924. What is the tens digit of g?
1
Let a be 121*8*(-5)/(-10). Suppose 5*v = -3*x + 2339, a = 5*v + x - 1859. What is the hundreds digit of v?
4
Suppose 4*q = i - 63, 5*i + 7*q - 4*q - 430 = 0. Let k = -54 - -23. Let y = k + i. What is the tens digit of y?
5
Suppose -j + 2*j - 5*c = -15, 4*j + 114 = 2*c. Let k = j - -3. What is the units digit of 148*(k/(-6) + -4)?
4
Suppose -24*h - 6277 = 3107. Let a = h - -1724. What is the units digit of a?
3
Suppose 31 = 6*q - 107. Suppose q*w - 7410 = 10*w. What is the tens digit of w?
7
Let v be (-2)/(4/6) - (-4 + 1). Suppose -10*l + 6*l - 16 = v. What is the tens digit of ((-12)/l + 1)*(3 - -19)?
8
Suppose -149 = -3*n - 5*l, 0*l - 51 = -n - l. Let u = 88 - n. What is the tens digit of u?
3
Let k = 840 + 4107. What is the tens digit of k?
4
Let u(j) be the second derivative of 1105*j**3/6 + 3*j**2/2 + 2*j + 97. What is the tens digit of u(1)?
0
What is the ten thousands digit of 33/((0 - (-3)/(-18))/(59510/(-495)))?
2
Suppose -2*r + 76*r = 7*r + 2732394. What is the hundreds digit of r?
7
Let x(t) = 1030*t**2 - 12*t + 94. What is the hundreds digit of x(4)?
5
Let g be ((-144)/(-8))/3 + -8. Let h(d) = -19*d + 5*d - 3 + 8. What is the units digit of h(g)?
3
Suppose 5*q = 3*v, -2*v - 3*q + 0*q = 0. Suppose 6*l = -4*l + 90. Suppose 7*p - l*p + 170 = v. What is the units digit of p?
5
Let z = -165 + 180. What is the units digit of 1490 + -3 - (-16 + z)?
8
Suppose c + 9177 = l, 6*c - 8*c + 36726 = 4*l. What is the tens digit of l?
8
Let a(z) = 5*z**2 - 180*z + 4208. What is the hundreds digit of a(94)?
4
Let l(y) be the third derivative of -y**6/120 - y**5/20 - 3*y**4/8 - 4*y**3/3 + 6*y**2 - 8*y. What is the hundreds digit of l(-9)?
5
Let p be -3*(4 - -6)/5. Let i be 382 - (0 + p/(-2)). Suppose -y + q + i = 4*y, -y + 79 = -q. What is the tens digit of y?
7
Let s be 9/6 + -2*(-25)/(-20). Let k be 82 + s + (-15 - -12). Let a = -32 + k. What is the units digit of a?
6
Let b be -1*1194/(-1 + -1). Suppose 4*c - 455 = 2*w + b, 2*c - 2*w - 526 = 0. Suppose 7*v - 136 = c. What is the units digit of v?
7
Let o be 818 + (-24)/30 + (-8)/(-10). Suppose -o = -8*w + 1486. What is the units digit of w?
8
Suppose 3*k + 98 = 284. Suppose 1146 = -15*t + 291. Let s = k + t. What is the units digit of s?
5
Let w(i) = 8*i**2 + 55*i + 486. What is the hundreds digit of w(31)?
8
Let x(t) = t**3 - 4*t**2 - t - 9. Let s be x(5). Let f = -7 + s. Suppose -f*y = 5*w - 27, -5*w - 2*y = 3*y - 25. What is the units digit of w?
7
Let i(r) = 479*r + 2505. What is the thousands digit of i(11)?
7
Let o(h) = 4*h - 17. Let z be o(6). Suppose -13*l + z*l + 6928 = -5*i, -4*i = 2*l - 2332. What is the thousands digit of l?
1
Let g(s) = -17*s + 116. Let l be g(7). What is the units digit of (1/(-3))/(l/(-4248)*-2)?
6
Let t(c) = c**2 - 2*c - 9. Let o be t(7). Suppose i = -o*i + 1134. What is the units digit of i?
2
Let a(c) = c**3 - 19*c**2 + 24*c - 6. Let u(r) = -r**2 - 2*r - 1. Let i(x) = -a(x) - u(x). What is the units digit of i(17)?
0
Suppose -143325 = 17*r - 660278. What is the ten thousands digit of r?
3
Let b(z) = 31*z**3 + 9*z**2 - 2*z - 49. What is the tens digit of b(5)?
4
Suppose 5850 - 1566 = 51*l. Suppose 0 = l*x - 91*x + 1295. What is the hundreds digit of x?
1
Let h = -13666 + 31012. What is the tens digit of h?
4
Let g be 3/(27/2) + (-248)/(-18). Suppose 94 = -20*y + g. What is the tens digit of (-21034)/(-117) + (y/9)/(-2)?
8
What is the ten thousands digit of (-242)/(-1210) - (-16)/(-5)*-13014?
4
Let j = -57 - -70. Let n be 1/(-3) + j/3 - -12. Suppose 5*g + 671 = n*g. What is the units digit of g?
1
What is the hundreds digit of (185520/(-210) + 8/(-14))*(-13 - 4)?
0
Suppose 0 = -508*b + 503*b - 1830. Let d = 1390 + b. What is the thousands digit of d?
1
Let o = -114 - -119. Suppose 14 = 2*d - o*h, -h + 3 = -5*d + 2*h. What is the tens digit of (-89 + 7)*d + (-3)/1?
4
Suppose 5*k - 